Let q(v) be the first derivative of v**4/4 + 2*v**3/3 - 2*v**2 - v + 17. Give q(o).
-17
Let p(j) = -15*j + 2. Let c(s) = 3*s**3 - 28*s**2 + 7*s + 21. Let y be c(9). What is p(y)?
-43
Let d(a) = 102*a**2 - 317*a**2 + 109*a**2 - 5*a + 103*a**2. Let z be (-4)/2*(20/4 + -4). Calculate d(z).
-2
Suppose -1 = -2*x + 5. Let o(i) = 2*i - 1. Let z(d) = -5*d + 1. Suppose m = -2*m + 6. Let s(g) = m*o(g) + z(g). What is s(x)?
-4
Let y = 291/82 + -2/41. Let i(p) be the first derivative of -y*p**2 - 3*p - 12 - 1/3*p**3. Give i(-7).
-3
Let g = -3 + 5. Let j(q) = -3*q - 3. Let n be (5 - 6)*-3*1/(-9)*9. Let m(i) = i**3 - i**2 - 4*i - 4. Let z(c) = g*m(c) + n*j(c). Determine z(2).
11
Suppose -23 = 3*m + 5*p, -2*m + 3*p = 2*m + 21. Let d(b) be the first derivative of 2*b**3/3 + 2*b**2 + 5*b + 837. Calculate d(m).
53
Let j(c) = -c**2 - 38*c - 303. Suppose 24 = -k - l, -117 = 4*k + 34*l - 37*l. Calculate j(k).
-6
Let n(a) be the second derivative of -1/20*a**5 + 0 + 3*a**2 + 2/3*a**3 - 1/3*a**4 - 20*a. Determine n(-4).
-10
Let o(g) = 0 - 18*g + 1 + 1. Let n(q) = 10*q**3 + 345*q**2 - 168*q + 242. Let a be n(-35). Calculate o(a).
56
Let z = 960 + -958. Let s(u) = -2*u**z + 66 - 33 - 8 - 27 - 5*u. Calculate s(-1).
1
Let y(f) be the third derivative of f**6/40 + f**5/60 + f**4/24 - 2*f**3/3 + 148*f**2 + f - 5. Give y(2).
26
Let u(a) = -a + 5. Let h(m) = -m - 1. Let i be h(-3). Let q(k) = -k + 4. Let g(l) = i*q(l) - 3*u(l). Let d = 52996 - 52990. What is g(d)?
-1
Let l(p) = 3*p - 14. Let a be l(6). Suppose a*z + 4*c = -0*z, c = -3*z + 4. Let v(h) = 2*h - 3*h + 8*h**2 - 9*h**z + 1. Give v(-1).
1
Let j(v) = v**2 - 11*v + 36. Let c be j(8). Let u(z) = -41 - 10*z + c*z + z + 14. Give u(12).
9
Let x(b) = 4 + 0 - 2 - 3. Let j(o) = -o**3 + 5*o**2 - 3*o - 7. Let t(v) = -j(v) + 4*x(v). Let m be t(4). Let q(r) = 5*r**3 + r**2 - r - 1. Give q(m).
-4
Let m(n) = -n**3 - 17*n**2 + n + 5. Suppose 46*d + 181 = -34*d - 1179. Give m(d).
-12
Let l(b) = -126*b - 386. Let d be l(-3). Let h(x) = x**3 + 7*x**2 - 6*x + 9. What is h(d)?
-7
Let i(m) be the third derivative of -m**5/60 - 5*m**4/24 - 5*m**3/6 - 308*m**2. Calculate i(-6).
-11
Let x(w) = -w**3 + w**2 + w. Suppose 15*g - 12*g = -k - 17, -2*g - 14 = 2*k. Let l be k/(-4)*(8 - 2). Give x(l).
-15
Suppose 10*x - 4 = 19 - 3. Let o(y) = -11*y**2 + 7*y - 8. Determine o(x).
-38
Let t(o) = -2*o - 77. Suppose 3*v + 120 = -3*k, -3*v = -2*k + 2*v - 115. Determine t(k).
13
Let z = -4478 + 4462. Let p(s) = -s**3 - 15*s**2 + 14*s + 4. What is p(z)?
36
Let k(p) = 5*p + 80191 + 2*p - 3*p**2 - 80189. Give k(3).
-4
Let h = -704 + 708. Let r(q) = q**2 - 7*q + 9. Calculate r(h).
-3
Let s(c) = 2*c - 12. Let g(l) = 19*l - 239. Let t(j) = g(j) - 5*s(j). Give t(22).
19
Let k(x) be the second derivative of -14*x**3/3 + x**2 - 8716*x. Give k(-1).
30
Let p(c) = -47*c + 1647. Let h be p(35). Let z(o) = 9*o. Determine z(h).
18
Let v(t) = 8100*t**3 + 17*t - 16 + 3*t**2 - 8101*t**3 + 3*t**2. Let f be v(8). Let j(u) = 2*u + 17. Determine j(f).
1
Let r(g) = -77 + 74 + 334*g**2 - 5*g - 333*g**2. Suppose -2*p + 6 = -p. Give r(p).
3
Let w(a) be the first derivative of -a**3/3 + 9*a + 10. Suppose -31 - 49 = -5*x. Suppose -3*u + 4*f - 12 = 0, -4*u - 5*f = -x + 1. Calculate w(u).
9
Let k be -1*((-30)/6 + -14). Let f(t) = t**3 - 20*t**2 + 17*t + 21. Calculate f(k).
-17
Let b = -2 + 7. Let w(m) = -22 - 17 + 2*m**2 + 44 - m**3. Let f(j) = -j**3 + 3*j**2 - j + 5. Let u(t) = -4*f(t) + 3*w(t). What is u(b)?
-10
Let t be (0 - 2) + 13 + 6 + -5. Let o be ((-18)/t)/((-2)/4). Let a(v) = 18 + o*v - 14 - 2*v + 0*v. Give a(-10).
-6
Let n(c) = 4*c + 26. Let w be n(-6). Let i(z) = -5*z**3 + 6*z**w - 9*z**2 - 13*z + 6*z**3 + 5*z**2 + 7*z**2 + 5. Give i(-10).
35
Let z(t) = -11 - 11*t + 24 + 22 + 10. Let f be z(4). Let w(a) = 24*a**3 - a. Determine w(f).
23
Suppose -5*p - 2205 = 3*i, -i + 459 = -p + 2*i. Let t = 453 + p. Let c(o) = o - 4. Give c(t).
5
Let v(x) = -5*x**2 + 2*x - 2. Suppose 2*p - 4*g - 14 = 0, 0 = -p + g + 246 - 245. What is v(p)?
-137
Let a(b) = b**2 - 5*b - 3. Let v(x) = -x**3 + 8*x**2 - 17*x + 77. Suppose 5*u + 0*u - 40 = n, -5*u - n = -30. Let o be v(u). Determine a(o).
11
Let a(x) be the first derivative of -5*x**2/2 + 10*x + 831. Give a(3).
-5
Let o(a) be the third derivative of a**6/120 - a**5/20 + 5*a**4/24 - 16*a**3/3 - 2449*a**2. Calculate o(4).
4
Let t(a) = -a**3 + 3*a**2 - 2*a + 7. Let l(d) = d**2 - 59*d - 767. Let c be l(-11). What is t(c)?
1
Let d be ((-99)/(-27))/(5/(-15)). Let f(k) = -5*k**2 - 56*k - 14. Give f(d).
-3
Let n be 42/(-105)*(-100)/160. Let c(y) be the first derivative of -4*y**3 - 15*y - 6*y**2 - n*y**4 + 48. Calculate c(-11).
-4
Let p(j) = -j**2 + 3*j - 1. Let q = -18 - -20. Let b(w) = -q + 4*w + w + 4 + 2. Let v be b(0). Give p(v).
-5
Let v(f) = 6 + 2*f + f**3 + 2*f**2 - 11*f**2 - 4*f. Let h(k) = k**2 - 96*k + 1413. Let a be h(18). Give v(a).
-12
Let u(h) = 32*h - 894. Let v be u(28). Let r(y) = y**3 - 5*y**2 - 3*y + 8. Calculate r(v).
-10
Let j(c) = c**3 - c**2 - 32. Let v = -143 - -145. Suppose v*b = 31*b. Calculate j(b).
-32
Suppose -366 = -7220*j + 7281*j. Let g(r) be the third derivative of r**5/60 + r**4/2 + r**3/3 - 2*r**2. What is g(j)?
-34
Let p be 4*5/((-30)/12). Let g(h) be the first derivative of h**2/2 + 3*h + 104. Give g(p).
-5
Suppose -2*n = 0, n - 120 = -4*u + 160. Let x be (-20)/(-14) - 30/u. Let f(y) = -7*y + 1. Determine f(x).
-6
Suppose 5*c - 3*f - 416 = 0, -325 = -c - 3*c + 5*f. Let w(m) = -9 - 82*m**2 + 172*m**2 - c*m**2 + m**3 - 6*m. Let k = 14 - 20. Calculate w(k).
-9
Let i(l) be the second derivative of -5*l**3/2 + 40*l**2 - 50*l. Let j be i(5). Let y(v) = -2*v**2 + 9*v**2 + 4 - 5*v**2 - 8*v. Give y(j).
14
Let r be 18/12*(-556)/6. Let s = -137 - r. Let p(k) = 10*k**2 + 3*k + 8. Let x(n) = 29*n**2 + 8*n + 23. Let h(j) = 17*p(j) - 6*x(j). What is h(s)?
-12
Let q(t) = 40*t - 160. Let s = -290 + 288. Let g(y) = 6*y - 23. Let m(i) = s*q(i) + 15*g(i). Determine m(3).
5
Suppose 33*h = 7*h + 3978. Let g = h - 145. Let o(t) = -t**3 + 8*t**2 + 5. Give o(g).
5
Let q = -3 + 9. Let h(y) = 9*y + 219. Let u be h(-24). Let a(g) = -7 - q*g**3 + 5*g**u + 10 + 4*g. What is a(-2)?
3
Suppose 4107 = 8*z - 7581. Let l(a) = -727 + z + 4*a - 730 + 0*a. Determine l(-7).
-24
Let w(b) = b**2 - 109*b + 2919. Let v be w(47). Let t(c) = 7*c + 38. Give t(v).
73
Let k(g) = 32979 + 2*g + 32970 - 65931. Give k(-6).
6
Let w(b) be the first derivative of 0*b**2 + 0*b - 1 - 1/120*b**5 - 1/3*b**3 + 1/4*b**4. Let i(h) be the third derivative of w(h). Calculate i(6).
0
Let h be (-4 - 2)/2 + 6. Let q(f) = f**h - 8 + 4 - 10*f**2 + f - 7. What is q(10)?
-1
Let m(f) = 4*f**2 - f - 1. Let p = -103 + 107. Suppose 0 = k + p*k - a - 17, -11 = -k + 4*a. Give m(k).
32
Let j(v) = -v**2 - 16*v - 18. Suppose 2034*g - 2045*g + 0 = 143. What is j(g)?
21
Let r(c) = -c**2 - 8. Let w(j) = 31*j - 1612. Let t be w(52). Determine r(t).
-8
Let v(w) be the third derivative of w**6/40 - w**4/12 + w**3/6 + 16*w**2. Suppose -4*y = 2*u + 2, -6*u + y - 3 = -10*u. What is v(u)?
2
Let l(d) = -2*d**2 + 34*d + 2. Let i be l(17). Suppose i*n - 20 = -4. Let k(a) = 0 - 25*a + 4 + 52*a - 29*a. What is k(n)?
-12
Let c(p) = -p**2 + 10*p - 2. Suppose r - 6*r - 10 = 5*n, -5*n + 3*r = -6. Suppose -4*m = o - 235, n = 4*m + m + o - 295. Let w = m - 52. What is c(w)?
14
Let n(j) = -15*j - 167. Let v be 1344/3040*-25 + 1/19. Calculate n(v).
-2
Suppose 3*a + 83 = i, -4*a - 7 - 1 = 0. Let g(x) = -x**2 + 153 - 77 - 7*x - i. Calculate g(-4).
11
Let x(b) = b**3 + 10*b**2 + 6*b - 21. Let q = -42 + 169. Let l = 118 - q. Give x(l).
6
Let o(x) be the third derivative of -90*x**2 + 0 - 1/4*x**4 + 0*x - 1/10*x**5 - 5/6*x**3 + 1/120*x**6. What is o(7)?
2
Let v(n) be the first derivative of n**6/120 - 2*n**5/15 + 3*n**4/8 - n**3/2 - 6*n**2 + n - 64. Let g(y) be the second derivative of v(y). What is g(6)?
-21
Let d(c) be the third derivative of -c**5/30 + 11*c**4/24 + 2*c**3 - 1028*c**2 + c + 2. Give d(-1).
-1
Let b(a) = 3*a + 32. Let n be b(-10). Let k(y) = -3 - y**2 - y**2 - 5*y**n + 9*y**2 - y**2. Give k(4).
13
Let x(l) be the first derivative of -l**4/4 + 17*l**3/3 - 16*l**2 + 23*l + 3428. Determine x(15).
-7
Let b(l) = -l**2 + 12*l - 5. Let t(x) = -46*x**2 + 59*x + 1. Let h be t(1). Give b(h).
-33
Let j(g) = -